32. Let i = 20 - y. Is 3 a factor of i?
True
Let i(v) = v**2 + 8*v - 23. Suppose 14 = -6*t + 5*t. Does 13 divide i(t)?
False
Suppose -4*d + 4*m + 1 + 3 = 0, 3*m = -2*d + 22. Let w = -6 - -2. Let p = d - w. Is 2 a factor of p?
False
Suppose 4*y = 1003 - 243. Does 5 divide y?
True
Is 1477/28 + 15/(-20) a multiple of 9?
False
Let d(v) = v**3 - 4*v**2 - 2*v - 5. Let p be d(5). Let l(q) be the third derivative of q**4/8 - 2*q**3 + 2*q**2. Is 9 a factor of l(p)?
True
Suppose 640*t = 647*t + 168. Let l be 7 + (0 - 1)/1. Let w = l - t. Does 9 divide w?
False
Suppose -9*z + 4873 = -2903. Does 12 divide z?
True
Let s(c) be the first derivative of c**5/60 + c**4/6 - c**3 + 3*c**2/2 - 1. Let x(r) be the second derivative of s(r). Is 13 a factor of x(-8)?
True
Suppose -4 = w + s, w - 3*s = -1 - 15. Let v = 7 + w. Suppose -o + 85 - 13 = v. Is o a multiple of 24?
True
Let z be (-7)/(-2) - (-2)/4. Let w(g) = 7*g**2 - g - 6. Let c be w(2). Suppose 0 = 2*o - c + z. Does 3 divide o?
False
Suppose -x + 7 = u, 0*u - 4*u + 22 = x. Suppose -4*o = 5*n + o + 10, 3*n + o - x = 0. Does 7 divide (-4)/n - -19 - 3?
True
Let i be 3*(2 + (-3)/9). Suppose 2*j = i*p + 505, p + p = -6. Suppose -b - j = f - 6*f, -f = 2*b - 38. Is 24 a factor of f?
True
Let l = 306 - -18. Is 27 a factor of l?
True
Is 6/(-33)*285813/(-18) a multiple of 106?
False
Let z(k) = 3*k**2 + 9*k + 91. Is 11 a factor of z(-9)?
True
Is (-2030)/(-13) + 134/(-871) a multiple of 7?
False
Let x(v) = 2*v + 3. Let z be x(-5). Let i(o) = o**3 + 9*o**2 + 5*o - 15. Is 16 a factor of i(z)?
True
Suppose 17 = 5*a - 3. Suppose 3*i - 10 = 4*r - 146, 3*r - 97 = i. Suppose -r = -3*p + 2*p + s, a*s - 4 = 0. Is 19 a factor of p?
False
Suppose -4*h + 5 = 17, -4*h - 735 = 3*x. Let n = 337 + x. Is 6 a factor of n?
True
Suppose 0 = 10*x - 42 - 78. Is 6 a factor of x?
True
Suppose 2*c - 2*k - 91 = 45, 2*k = -c + 74. Let y = 174 + c. Is y a multiple of 16?
False
Suppose 3*q + 5*x - 875 = 0, 5*x = -4*q + 8*q - 1120. Is 19 a factor of q?
True
Is 22 a factor of (216/27)/(3/99)?
True
Suppose 7498 = 4*p - 1394. Is p a multiple of 57?
True
Suppose -3*h + 5*i - 300 = -4*h, -i = 0. Suppose -2*r + 3*a = 3, -9 = -2*r - 3*a - 6. Suppose -5*c + h = 5*l, -c = -3*l - r*c + 176. Does 19 divide l?
False
Suppose 0*n + 7*n = 4494. Does 24 divide n?
False
Suppose 3*t = -2*t - u + 1, 0 = 2*t + u + 2. Let g be (t/2)/(3/12). Is (14 - (1 + g)) + -3 a multiple of 2?
True
Suppose 0 = -10*k + k + 171. Let o = k - 7. Is 12 a factor of o?
True
Let t(b) = 25*b**2 + 4*b - 3. Let a be t(1). Let m = 52 - a. Is m a multiple of 3?
False
Suppose -4*c - 4 = 0, -3*t + 8 = -c - c. Suppose -4*k = -9*k - 10, 0 = -r - t*k - 10. Does 25 divide 4/r - 908/(-12)?
True
Let d = 16 - 25. Let v = 18 - d. Suppose -3*c + v = -3. Is c a multiple of 10?
True
Is 27 a factor of (5 - (-81)/(-18))*4806?
True
Let n = -3454 + 4911. Is n a multiple of 19?
False
Let i = -457 - -807. Is i a multiple of 50?
True
Let y = -3 + 13. Let q = 50 - y. Suppose -q = -5*c + 40. Does 8 divide c?
True
Let c = -24 + 10. Let g(m) = -7*m - 2. Let p(y) = 6*y + 1. Let z(i) = -3*g(i) - 4*p(i). Does 18 divide z(c)?
False
Let h(s) = 3*s - 39. Let x(c) = -2*c + 19. Let w(q) = -3*h(q) - 5*x(q). Is w(-7) a multiple of 3?
True
Is 68 a factor of (68/(-6))/((-415)/(-60) + -7)?
True
Let x = 2543 - 342. Is x a multiple of 11?
False
Let h be -14 - (3/(-3) + 3). Let d(n) = -n**3 - 17*n**2 - 16*n + 29. Is 7 a factor of d(h)?
False
Suppose -i = 5*s + 24, -5*s + 3*s + 89 = -3*i. Let a = i + 64. Suppose w - 16 = 2*k + 2*k, 0 = 2*w - 5*k - a. Is w a multiple of 4?
True
Let l = -2584 + 1443. Let f = l + 1667. Does 15 divide (-13)/91 - f/(-7)?
True
Let i = -310 + 340. Is 15 a factor of i?
True
Is (-2148)/8*(-28)/21 a multiple of 14?
False
Let p(u) = -7*u - 3. Let v be p(-3). Let j = v + 6. Is j a multiple of 24?
True
Let o = 187 - 79. Suppose -4*j = 2*s + 12, 4*s = s - 5*j - 14. Suppose 2*w = -s*w + o. Is w a multiple of 27?
True
Is (-2)/(-10) + 11964/30 a multiple of 28?
False
Let c(x) = 678*x - 190. Is 21 a factor of c(7)?
False
Does 56 divide 39160/89 + 8*1?
True
Let u(w) = w**2 + 1. Let r be u(-2). Does 12 divide (-6)/(-15) + (0 - (-478)/r)?
True
Let z = 3000 + -1759. Is z a multiple of 55?
False
Suppose l - 838 = -3*v, l = -5*v + 1038 + 360. Suppose 4*u = 9*u - v. Does 19 divide u?
False
Let v(g) = g**3 - 13*g**2 + 11*g + 16. Let q be v(12). Suppose -61 = q*z - 681. Does 6 divide z?
False
Let l be (-2)/13 - (-37070)/130. Suppose 7*o = 2*o + l. Is o a multiple of 22?
False
Let i(j) = 4*j**3 + 3*j**2 + 5*j - 29. Does 25 divide i(7)?
True
Let x = -16 + 24. Is 1/4 + 718/x a multiple of 9?
True
Suppose 0 = -3*k - 1274 + 3482. Is k a multiple of 31?
False
Let o = 175 + -118. Suppose -183 = -3*d + o. Is 16 a factor of d?
True
Suppose -5*s + 2*p = -p - 33, 28 = 4*s - 2*p. Let m = s - -237. Is 41 a factor of m?
True
Suppose 0 = 8*b - 7*b. Suppose 4*c - 80 = -b*c. Let u = 0 + c. Is 20 a factor of u?
True
Suppose 2*k + 0 - 8 = 0, 0 = 5*q - 4*k - 4. Suppose 0*g + 4*g = -4*c + 72, 2*c - 24 = q*g. Does 2 divide c?
True
Let q(t) = -1. Let x(l) = -l**2 - 9*l + 8. Let i(w) = -2*q(w) - x(w). Is i(-15) a multiple of 20?
False
Let f = 165 - 118. Is f even?
False
Let y be 148/(-5) - (-4)/(-10). Let g = 66 + y. Is 16 a factor of g?
False
Suppose -4*d = 7*d + 55. Let l(j) = -20*j + 9. Does 16 divide l(d)?
False
Suppose -w + 0*w = 0. Let n = 0 + w. Is 17 a factor of 56 - n - (-5 + 2)?
False
Suppose 0 = -3*c + 68 - 11. Suppose -2*n - 14 = -0*n. Let o = c + n. Is 6 a factor of o?
True
Let k = -7 + 12. Let g be (6/k)/(2/15). Is 11 a factor of g/(-3) + (-42)/(-3)?
True
Let z = 3 + 2. Suppose -t + 3*t + 13 = -5*j, -z*t + 5 = 0. Does 8 divide j - 23*(-2)/2?
False
Let m be (-12)/(-14)*(6 - -1). Suppose -5*j + 2*r + 174 = 0, -4*r = 4*j - m*r - 138. Is 14 a factor of j?
False
Suppose 45*u - 151 = -16. Does 3 divide u?
True
Suppose 41 = -o + 4*c, -2*o - 89 = 2*o - c. Let r = 5 - o. Is r a multiple of 13?
True
Let y(n) = -n**2 + 12*n. Let c be y(12). Suppose 2*x - 4*z = -x + 194, 3*x - 5*z - 190 = c. Is 30 a factor of x?
False
Let q be (-16)/(-1) - (-26 + 26). Let f(v) = -v**3 + 17*v**2 - 16*v + 30. Does 10 divide f(q)?
True
Suppose 0 = 3*s + 2*y - 8, 2*s = -0*s + 5*y - 20. Suppose 8*l = 3*l - 15, s = 3*q - 2*l - 3. Does 16 divide q/(-2)*58 - -3?
True
Let q = -534 + 930. Is q a multiple of 22?
True
Suppose 0 = -49*j + 47*j + 1650. Is j a multiple of 15?
True
Suppose 82 - 306 = -4*m. Is 50 a factor of m?
False
Let m = 5745 - 4044. Is 63 a factor of m?
True
Let q(p) = 2*p**3 - 4*p**2 + 4*p + 8. Let n = -45 + 49. Is 22 a factor of q(n)?
True
Let t(q) be the second derivative of 5*q**3/6 + q**2 - 11*q. Suppose 0 = g + 2 - 4. Does 7 divide t(g)?
False
Suppose 0 = 7*a - 13*a + 180. Let s = a + -18. Does 3 divide s?
True
Suppose -21*f - 2170 = -35*f. Does 31 divide f?
True
Suppose -3*b - 2*b = -1300. Does 13 divide b?
True
Let u(q) = -q**2 - q + 5. Let a be u(0). Suppose 0 = 3*i + 9, 0 = a*d - 0*d - 5*i - 150. Does 9 divide d?
True
Let v(u) = -18. Let z(x) = x + 54. Let m(d) = -11*v(d) - 4*z(d). Is 5 a factor of m(-7)?
True
Let u = 3584 - 1563. Is u a multiple of 83?
False
Let j = 1043 - 459. Is 73 a factor of j?
True
Let j(q) = 4*q**2 + 3. Let f = 315 + -223. Let v be 6/(-21) + f/28. Does 13 divide j(v)?
True
Let b(i) = 4*i**3 + 3*i**2 - 1. Let s be b(-1). Is 20 - (-8)/s - 4 a multiple of 10?
False
Suppose 2*f + 208 = -54. Let o = f + 185. Does 18 divide o?
True
Let a(h) = -2*h - 6 + 11 + h. Let y be a(9). Is y/(-12) - (-69)/9 a multiple of 8?
True
Let u be ((-16)/(-4))/((-3)/3). Let o be 15/(-10) + 2/u. Is 20 a factor of (o - (-42)/(-4))*-2?
False
Let a(i) = 8*i - 37. Let u be a(7). Suppose 184 = 5*q + n, -65 - u = -2*q - 3*n. Is 12 a factor of q?
True
Suppose 0 = 14*w - 13894 + 1504. Is 15 a factor of w?
True
Suppose 7*x - 755 - 2661 = 0. Is x a multiple of 51?
False
Suppose 0 = -2*w + 5*b + 219, -2*w + 243 = -0*w + 3*b. Does 16 divide w?
False
Let m(j) = -j**3 + 6*j**2 - 4*j - 3. Let s be m(5). Is (-5)/s*(-54)/3 a multiple of 15?
True
Let j be (-4)/(-56)*7*(1 + 49). Suppose 5*c + 39 + 4 = 2*a, j = 5*a + 4*c. Does 9 divide a?
True
Suppose -2*a - 3 = -z - 10, -5*a + 2*z = -15. Is 9 a factor of (3 + (-12 - 0))*(-10)/a?
True
Suppose -7*w + y + 870 = -2*w, -5*w 